s) = 6*s - 1. Let i be v(1). Suppose -i*a - 2*m + 12 = 0, -2*a - m + 4*m + 20 = 0. What are the prime factors of a?
2
Let n(v) = -v**2 - 6*v + 8. Suppose 3*k + 13 = -4*j, 0 = -4*k + 25 - 5. Let h be n(j). Suppose -d - h + 5 = 0. What are the prime factors of d?
2
Suppose 7*a - 260 = 1350. What are the prime factors of a?
2, 5, 23
Let y be 1/4 + (-477)/(-12). Let r = -24 + y. Let v = -4 + r. What are the prime factors of v?
2, 3
Let u = -56 + 85. What are the prime factors of u?
29
Let c(u) = -u + u + 1 + u - 11*u. List the prime factors of c(-1).
11
List the prime factors of (7 + 1040/24)/((-2)/(-6)).
151
Let v = 8 + 0. Let b = v - 5. Suppose -b*k = k - 16. What are the prime factors of k?
2
Let a be (-1752)/(-30) + 4/(-10). Let b = a + -10. What are the prime factors of b?
2, 3
Let k(x) = -15*x - 28. What are the prime factors of k(-10)?
2, 61
Suppose -2*k - 14 = 5*x, k + 3*x = -2*k - 3. Let a = k - 0. Suppose a*g + 3*r = 18, 3*g - 12 = g + 4*r. List the prime factors of g.
2, 3
Suppose 0*x = 3*m + 5*x - 175, 0 = -x - 4. What are the prime factors of m?
5, 13
Let p(o) = -o**3 + 5*o**2 - 1. List the prime factors of p(4).
3, 5
Let p = 43 + -21. Suppose -5*z - 5*b + 10 = 0, p = 4*z + 2*b - 5*b. Suppose -z*h + 3 = -2*x - 7, 0 = -5*h + 4*x + 14. List the prime factors of h.
2
Let c be 3/(-6) + 18/4. Suppose -c*u - 24 = -6*u. List the prime factors of u.
2, 3
Let j = -3 + 3. Suppose -3*m - 4*f + 62 = j, 5*m + 5*f - 139 = -34. List the prime factors of m.
2, 11
Let z(b) = -b**2 - 8*b + 10. List the prime factors of z(-8).
2, 5
Let h(a) = -3*a**3 - 2*a**2 + 37*a + 7. What are the prime factors of h(-6)?
19
Let d = 9 - 10. List the prime factors of 1*(1 - (-4 + d)).
2, 3
Suppose 0 = -3*a + 18. Suppose 3*t - 4*t + 5 = 0. Suppose -t*q = -19 - a. What are the prime factors of q?
5
Let z(v) = 3*v**2 - 10*v + 11. What are the prime factors of z(6)?
59
Let k(i) = i + 6. Let g be k(0). What are the prime factors of ((-2)/g)/((-1)/27)?
3
Let q = -5 - -1. Let h be 23/5 + q/(-10). What are the prime factors of (76/(-10))/((-2)/h)?
19
Suppose 3*n = -2*f + 99, -f = -4*n - 4*f + 133. What are the prime factors of n?
31
Suppose 5*n + 12 - 37 = 0. Let r(p) = -p**3 - 4*p**2 + 5*p. Let f be r(-5). Let o = n - f. List the prime factors of o.
5
Suppose 260 = -23*p + 28*p. List the prime factors of p.
2, 13
List the prime factors of 108 - -2*3/(-6).
107
Let w(a) = 17*a - 9*a + 20*a. List the prime factors of w(1).
2, 7
Let n = 11 - -9. What are the prime factors of n?
2, 5
Let x = -37 - -17. Suppose 4*d + 7 = 3*d. Let n = d - x. List the prime factors of n.
13
Let r be (6/(-5))/(6/(-20)). Suppose -21 = j - r*j. What are the prime factors of j?
7
Let i(g) = 0*g + 2*g + 10*g**2 - g + 1 + 17*g**2. What are the prime factors of i(-1)?
3
Let m(f) be the first derivative of f**2/2 + 3*f - 1. Let l be m(-3). Suppose 3*p - 15 = -l*p. List the prime factors of p.
5
Suppose 2*d - d = 6. What are the prime factors of d?
2, 3
Let k(v) = -v**3 + 8*v**2 + 3*v - 4. What are the prime factors of k(8)?
2, 5
Suppose -t + 4*t = 12. Let p be -1*1 - -1*3. Suppose 3*w = t*w - p. List the prime factors of w.
2
Let a be 8 + (-9)/(-6)*2. Let j = 25 - a. What are the prime factors of j?
2, 7
Let j = 1 - -1. Let w be 9 + 0*j/(-6). Let u = w - 5. List the prime factors of u.
2
Let p(l) = -l**2 - 2*l + 3. Let x be p(-3). Let t = 22 - 12. Suppose -4*z - t + 38 = x. What are the prime factors of z?
7
Suppose -66 = -2*v + 90. What are the prime factors of v?
2, 3, 13
Suppose 4*i - 25 + 4 = -t, 67 = 4*t - i. Suppose -3*k + t = -25. List the prime factors of k.
2, 7
List the prime factors of 6930/108 - (-2)/(-12).
2
Let f(c) be the first derivative of -7*c**2/2 - c - 2. Let z be f(1). What are the prime factors of (z/(-6))/(2/3)?
2
Suppose 175 = -5*o + 5*x, 0 = -3*o + o + 4*x - 72. Let v = o - -22. What are the prime factors of (-3)/v + 110/8?
2, 7
Let c be ((-3)/6)/(1/6). Let k be c/12 - 10/(-8). What are the prime factors of k/2 + (-5)/(-2)?
3
Suppose -31 = -2*a - 3*v, -v = -a - 4*v + 20. Let s = -5 + a. What are the prime factors of s?
2, 3
Let p be 4/14 + 24/14. Suppose r = -2*i + p, -2*r + i + 10 = -i. List the prime factors of r.
2
Let r = -27 - -73. Let u = r - 30. What are the prime factors of u?
2
Let t(i) = 14*i. What are the prime factors of t(2)?
2, 7
Suppose 292 = 4*o - 0*o. Suppose 0 = 3*b - 83 - o. List the prime factors of b.
2, 13
Suppose -i - 5*m = 4*i, m = 5*i - 18. Let r = i - -19. Suppose -5*n + 33 + r = 0. List the prime factors of n.
11
Suppose 1 - 16 = -r. Let i = r + -9. List the prime factors of i.
2, 3
List the prime factors of (-3)/(-6) + 668/8.
2, 3, 7
Suppose -6*h - h + 1015 = 0. What are the prime factors of h?
5, 29
Suppose 0*u = 2*u - 64. What are the prime factors of u?
2
Let t(o) = o - 7. Suppose v - 3*s = -1 + 12, 0 = 5*v + 3*s - 1. Suppose 0 = -3*h + v*i + 43, -2*h = -h - 5*i - 36. List the prime factors of t(h).
2
Let p be (-1)/2 + 21/6. Let w(y) = -6 - 1 + 0*y - p*y. List the prime factors of w(-6).
11
Let u be 0/(-1)*(1 - 2). Let z = 2 - u. Let y(b) = 3*b - 1. List the prime factors of y(z).
5
Suppose q - a - a - 318 = 0, 0 = -4*q + 5*a + 1269. What are the prime factors of q?
2, 79
Let x(b) = b**2 - 2*b - 5. Let z be x(-4). Suppose -5*c - 4*s = -z, c - s - 1 - 1 = 0. What are the prime factors of c/(-12) - 21/(-4)?
5
Let s = 5 - -10. Let z = s + -11. Suppose -2*x = -z*x + 14. What are the prime factors of x?
7
Suppose -5*t + b + 145 = 0, -b = -2*t + 3*b + 76. What are the prime factors of t?
2, 7
Let u be (1 - 0) + (-3 - -6). What are the prime factors of -14*-6*1/u?
3, 7
Suppose -k = 3*z - 43, 5*k - 2*z - 58 = 4*k. Suppose -2*h = -4*h + k. What are the prime factors of h?
2, 13
Suppose 12 - 56 = -4*r. List the prime factors of r.
11
Suppose 5*l + 5 = -s - 0*s, -5*s + 21 = 2*l. List the prime factors of (4/6)/(l/(-27)).
3
Let l be (3/(-2))/((-3)/30). Let v = l - -6. Suppose 0*j + 3*j - v = 0. What are the prime factors of j?
7
Let o = -18 + 21. List the prime factors of o.
3
Suppose -2*a = 2*a + 12. Let m be a/(1 + (-14)/20). List the prime factors of (1/(-1))/(1/m).
2, 5
Let x be (10/(-4))/((-3)/6). Suppose -5*h + 55 = 2*g - 68, -x*g + 5*h + 220 = 0. What are the prime factors of g?
7
Suppose 0 = -5*x + 353 + 192. What are the prime factors of x?
109
Suppose -n + 3 + 8 = 0. Suppose -t - n = -29. What are the prime factors of t?
2, 3
Suppose 0 = 9*v - 5*v - 8. Suppose -2*y - v*y = 24. What are the prime factors of (-3)/y - 42/(-4)?
11
Let z(g) = 73*g**2 - 2*g + 1. Let j be z(1). Let y = -45 + j. What are the prime factors of y?
3
Let r(m) = 9*m**2 + 10*m + 8. Let o be r(-6). What are the prime factors of 9/(-6)*o/(-12)?
2, 17
Suppose -2*y + 0*y = 3*q + 19, y = 4*q + 18. Let t = y + 42. What are the prime factors of t?
2, 5
Suppose 37 + 33 = a. List the prime factors of a.
2, 5, 7
Suppose 0 = 4*z - 3*k + 20, -2*z - z - 15 = 4*k. Let w(a) = a**2 + a + 2. List the prime factors of w(z).
2, 11
Suppose 2*p + 3*a - 484 = -a, 4*a + 920 = 4*p. What are the prime factors of p?
2, 3, 13
Let f(s) = s**2 - 4. What are the prime factors of f(-6)?
2
Let h(x) = -x**3 + 10*x**2 + 2*x - 6. Let d be h(10). Suppose 20 = -v + 4*m, 5*v + d = 5*m - 41. What are the prime factors of 1/(-4) + (-74)/v?
3
Let h(i) = -3*i + 2. Let n be h(3). Let s(w) = -w**3 - 5*w**2 + w + 3. Let y be s(-5). Let p = y - n. What are the prime factors of p?
5
Suppose -f + 1 - 4 = -i, -20 = -4*i - 4*f. Suppose 0*m = i*u - 5*m - 35, -4*m = -5*u + 46. List the prime factors of u.
2, 5
Let s be 3 + (-4)/(-6)*3. Suppose -s*k + 0 = -25. Suppose -k*t + t + 36 = 0. What are the prime factors of t?
3
Suppose -2*i + 19 = -1. Suppose -2*d + 2*g + 22 = -i, 4*g = -2*d + 8. What are the prime factors of d?
2, 3
Let l = -50 + 26. What are the prime factors of 6*-2*56/l?
2, 7
Suppose -8*o = -3*o. Let y = 3 + -1. Suppose -y*t + 5*j + 20 = 0, 4*j = 5*t - o*j - 67. What are the prime factors of t?
3, 5
Let f = 90 + 5. List the prime factors of f.
5, 19
Let g be ((-20)/15)/(3/36). List the prime factors of 3/(-4) + (-156)/g.
3
Suppose 28 = w - 4*j, -w + 2*j = 3*w - 154. Suppose 5*d - w = -0*d. List the prime factors of d.
2
Let d(l) = -l + 6. Let c be d(-6). Let q(n) = 3*n**2 - 2*n + 1. Let k be q(3). Let x = k - c. List t